{"id":1197,"date":"2025-09-04T08:24:26","date_gmt":"2025-09-04T06:24:26","guid":{"rendered":"https:\/\/www.elflirt.de\/magazin\/?page_id=1197"},"modified":"2025-09-04T08:35:46","modified_gmt":"2025-09-04T06:35:46","slug":"christian-m-haas","status":"publish","type":"page","link":"https:\/\/www.elflirt.de\/magazin\/christian-m-haas\/","title":{"rendered":"Autor &#038; Gr\u00fcnder: Christian M. Haas"},"content":{"rendered":"<article class=\"author-profile\">\n<figure id=\"attachment_1195\" aria-describedby=\"caption-attachment-1195\" style=\"width: 243px\" class=\"wp-caption alignleft\"><a href=\"https:\/\/www.elflirt.de\/magazin\/wp-content\/uploads\/Christian-M-Haas-Middle.png\"><img loading=\"lazy\" decoding=\"async\" class=\"wp-image-1195 size-medium\" src=\"https:\/\/www.elflirt.de\/magazin\/wp-content\/uploads\/Christian-M-Haas-Middle-243x300.png\" alt=\"Christian M. Haas \u2013 Gr\u00fcnder von elFlirt.de (2008)\" width=\"243\" height=\"300\" srcset=\"https:\/\/www.elflirt.de\/magazin\/wp-content\/uploads\/Christian-M-Haas-Middle-243x300.png 243w, https:\/\/www.elflirt.de\/magazin\/wp-content\/uploads\/Christian-M-Haas-Middle-830x1024.png 830w, https:\/\/www.elflirt.de\/magazin\/wp-content\/uploads\/Christian-M-Haas-Middle.png 900w\" sizes=\"auto, (max-width: 243px) 100vw, 243px\" \/><\/a><figcaption id=\"caption-attachment-1195\" class=\"wp-caption-text\">Christian M. Haas \u2013 Gr\u00fcnder von elFlirt.de (2008)<\/figcaption><\/figure>\n<p style=\"text-align: left;\"><strong>Seit 2008<\/strong> entwickle und betreibe ich Online-Dating-Plattformen. Meine erste Singleb\u00f6rse <strong>elFlirt.de<\/strong> habe ich selbst programmiert, ausgerollt und bis zu <strong>170.000 Mitgliedern weltweit<\/strong> eigenst\u00e4ndig gef\u00fchrt. 2016 folgte der n\u00e4chste Schritt: die <strong>Zusammenarbeit mit Icony<\/strong>, um skalierbare Technik, Sicherheit und Weiterentwicklung dauerhaft zu gew\u00e4hrleisten. Diese Reise hat meine <strong>Leidenschaft f\u00fcr Singleb\u00f6rsen<\/strong> gepr\u00e4gt \u2013 Produkt, Tech und Community aus einer Hand.<\/p>\n<h2 style=\"text-align: left;\">Wof\u00fcr ich stehe<\/h2>\n<ul>\n<li><strong>Produkt &amp; Community:<\/strong> Aufbau und Betrieb von Communities mit Fokus auf Qualit\u00e4t statt Masse.<\/li>\n<li><strong>Technik &amp; Sicherheit:<\/strong> eigenentwickelte L\u00f6sungen, Stabilit\u00e4t, Datenschutz und verantwortungsvolle Moderation.<\/li>\n<li><strong>Transparenz:<\/strong> klare Kommunikation, saubere Monetarisierung, ehrliche Inhalte.<\/li>\n<\/ul>\n<h2>Meilensteine<\/h2>\n<ul>\n<li><strong>2008:<\/strong> Launch von elFlirt.de (Eigenentwicklung, Betrieb in Vollverantwortung)<\/li>\n<li><strong>2008\u20132016:<\/strong> internationales Wachstum bis ~170.000 Mitglieder<\/li>\n<li><strong>ab 2016:<\/strong> Partnerschaft mit <a href=\"https:\/\/www.icony.com\" target=\"_blank\" rel=\"noopener\">Icony<\/a> f\u00fcr Plattformbetrieb &amp; Weiterentwicklung<\/li>\n<\/ul>\n<h2>Heute<\/h2>\n<p>Ich betreibe und kuratiere Nischen-Singleb\u00f6rsen \u2013 stets mit dem Anspruch, Nutzer:innen echte Mehrwerte zu bieten. In Artikeln teile ich Praxiswissen aus Entwicklung, Betrieb und Community-Management.<\/p>\n<p><strong>Kontakt &amp; Profil:<\/strong> <\/p>\n<ul>\n<li><a href=\"https:\/\/datingnischen.de\/christian\/\" target=\"_blank\" rel=\"noopener\">datingnischen.de\/christian<\/a><\/li>\n<li><a href=\"https:\/\/www.linkedin.com\/in\/christian-m-haas-457323379\">LinkedIn<\/a><\/li>\n<\/ul>\n<p><em>Transparenz:<\/em> elFlirt.de wurde bis 2016 von mir selbst betrieben. Seitdem ist Icony technischer Partner und unterst\u00fctzt den stabilen, sicheren Plattformbetrieb. Dazu ist die Icony f\u00fcr die Singleb\u00f6rse verantwortlich.<\/p>\n<\/article>\n","protected":false},"excerpt":{"rendered":"<p>Seit 2008 entwickle und betreibe ich Online-Dating-Plattformen. Meine erste Singleb\u00f6rse elFlirt.de habe ich selbst programmiert, ausgerollt und bis zu 170.000<\/p>\n","protected":false},"author":1,"featured_media":0,"parent":0,"menu_order":0,"comment_status":"closed","ping_status":"closed","template":"","meta":{"footnotes":""},"class_list":["post-1197","page","type-page","status-publish","hentry","comments-off"],"aioseo_notices":[],"_links":{"self":[{"href":"https:\/\/www.elflirt.de\/magazin\/wp-json\/wp\/v2\/pages\/1197","targetHints":{"allow":["GET"]}}],"collection":[{"href":"https:\/\/www.elflirt.de\/magazin\/wp-json\/wp\/v2\/pages"}],"about":[{"href":"https:\/\/www.elflirt.de\/magazin\/wp-json\/wp\/v2\/types\/page"}],"author":[{"embeddable":true,"href":"https:\/\/www.elflirt.de\/magazin\/wp-json\/wp\/v2\/users\/1"}],"replies":[{"embeddable":true,"href":"https:\/\/www.elflirt.de\/magazin\/wp-json\/wp\/v2\/comments?post=1197"}],"version-history":[{"count":6,"href":"https:\/\/www.elflirt.de\/magazin\/wp-json\/wp\/v2\/pages\/1197\/revisions"}],"predecessor-version":[{"id":1203,"href":"https:\/\/www.elflirt.de\/magazin\/wp-json\/wp\/v2\/pages\/1197\/revisions\/1203"}],"wp:attachment":[{"href":"https:\/\/www.elflirt.de\/magazin\/wp-json\/wp\/v2\/media?parent=1197"}],"curies":[{"name":"wp","href":"https:\/\/api.w.org\/{rel}","templated":true}]}}