{"id":860,"date":"2022-02-09T11:06:27","date_gmt":"2022-02-09T10:06:27","guid":{"rendered":"https:\/\/www.elflirt.de\/magazin\/?page_id=860"},"modified":"2022-02-09T11:06:27","modified_gmt":"2022-02-09T10:06:27","slug":"krebs-mann-erobern-so-gewinnen-sie-sein-herz","status":"publish","type":"page","link":"https:\/\/www.elflirt.de\/magazin\/krebs-mann-erobern-so-gewinnen-sie-sein-herz\/","title":{"rendered":"Krebs Mann erobern &#8211; So gewinnen Sie sein Herz"},"content":{"rendered":"<h2>Welche Eigenschaften sind charakteristisch f\u00fcr einen Mann mit Sternzeichen Krebs?<\/h2>\n<h3>Charmanter, f\u00fcrsorglicher Zeitgenosse, der stets ein offenes Ohr f\u00fcr Dritte hat<\/h3>\n<p>Menschen mit <a href=\"https:\/\/www.elflirt.de\/lexikon\/liebe-im-zeichen-der-sternzeichen.php\">Sternzeichen<\/a> Krebs zeichnen sich grunds\u00e4tzlich durch ihre gef\u00fchlsbetonte, fr\u00f6hliche, liebensw\u00fcrdige Art aus. Sie besitzen eine ausgepr\u00e4gte emotionale Intelligenz, agieren sehr empathisch und nehmen Dritte mit ihrem liebenswerten Charakter, der von Fr\u00f6hlichkeit, Phantasie, Lebensfreude, Respekt und Empathie lebt, unmittelbar f\u00fcr sich ein. Diese Werte dienen dem als vertr\u00e4umt geltenden Krebs als innerer Kompass. Hinsichtlich dieser Werte duldet er keinerlei Intoleranz. Vielmehr k\u00e4mpft sich der sicherheitsliebende Krebs als entschlossener, gutm\u00fctiger, charmanter und hilfsbereiter Zeitgenosse durch das Leben.<\/p>\n<p>Personen mit Tierkreiszeichen Krebs verf\u00fcgen \u00fcber ein hohes Ma\u00df an Phantasie und Kreativit\u00e4t, das als Katalysator f\u00fcr originelle Ideen und unverwechselbare L\u00f6sungsstrategien dient. Getragen von Einfallsreichtum besitzen sie die F\u00e4higkeit ihr Denken in unkonventionelle, innovative Bahnen zu lenken, die ungew\u00f6hnliche Perspektiven offenlegen und f\u00fcr Dritte potentiell undenkbar zu sein scheinen. Dank ihrer ausgereiften Empathie sind sie besonders sensibel, einf\u00fchlsam, hilfsbereit und bescheiden. M\u00e4nner, die im Tierkreiszeichen Krebs geboren sind, haben stets ein offenes Ohr f\u00fcr die Belange, Probleme, \u00c4ngste und Sorgen ihrer Mitmenschen.<\/p>\n<p>Ihr mitf\u00fchlender Charakter l\u00e4sst sie anhaltend nach Gerechtigkeit, Fairness, Harmonie und gesunden bereichernden zwischenmenschlichen Beziehungen streben. Registrieren Sie, dass Freunde oder Bekannte Hilfe ben\u00f6tigen, sind Krebs M\u00e4nner umgehend zur Stelle, um den Betroffenen mit konstruktiven Ratschl\u00e4gen, originellen Ideen und aktiver Hilfe gutm\u00fctig und zielf\u00fchrend zur Seite zu stehen. Krebs geborene schreiben den Gef\u00fchlen Dritter einen hohen Stellenwert zu.<\/p>\n<h3>Die Rolle des f\u00fcrsorglichen Helfers birgt potentielle Risiken<\/h3>\n<p>Diese Eigenschaft macht Krebs M\u00e4nner allerdings emotional verletzlich und potentiell angreifbar und birgt die Gefahr, dass Dritte die Gutm\u00fctigkeit der Krebs geborenen bewusst ausnutzen. Da der Krebs Mann f\u00fcr sein Umfeld als permanenter Fels in der Brandung und als erste Adresse f\u00fcr Freunde und Bekannte fungiert, die mit Problemen und Sorgen behaftet sind, muss er konsequent eine hohe emotionale Belastung schultern, die ihn h\u00e4ufig zu sentimentalen Handlungen animiert und ihn mitunter labil wirken l\u00e4sst.<\/p>\n<p>Menschen mit Tierkreiszeichen Krebs sch\u00fctzen ihre verletzliche Seite deshalb mit Hilfe einer vermeintlich &#8222;harten Schale&#8220;, die sie nach au\u00dfen kehren und es anderen erschwert an den Krebs heranzukommen, der sich generell schwertut sich Dritten gegen\u00fcber zu \u00f6ffnen.<\/p>\n<h3>Reagieren Sie einf\u00fchlsam auf die Charaktereigenschaften des Krebs-Mannes und gewinnen nachhaltig sein Herz\u2026<\/h3>\n<p>Das Wissen um die typischen Charaktereigenschaften von M\u00e4nnern mit Tierkreiszeichen Krebs, ist ein essentieller Grundbaustein f\u00fcr eine herzliche, empathische und gewinnende Interaktion mit dem potentiellen <a href=\"https:\/\/www.elflirt.de\/lexikon\/traumpartner-finden.php\">Traumpartner<\/a>.<\/p>\n<p>So gilt der f\u00fcrsorgliche, gef\u00fchlsbetonte Krebs Mann als hoffnungsloser Romantiker, der von der wahrhaftigen Liebe tr\u00e4umt. Er giert danach die &#8222;Eine&#8220; zu finden. Eine Frau, die dem sicherheitsliebenden Krebs Halt und Orientierung im Alltag gibt und ein ebenso reines, gutm\u00fctiges Herz besitzt wie er selber.<\/p>\n<h3>Entf\u00fchren Sie den Krebs Mann in eine beschwingte Szenerie, die an sein fr\u00f6hliches Gem\u00fct ankn\u00fcpft<\/h3>\n<p>Wer einen Krebs geborenen erfolgreich erobern m\u00f6chte, sollte demnach im Zuge der Kennenlernphase sein Herz sprechen, Authentizit\u00e4t, Empathie, Phantasie und Charme die Oberhand gewinnen lassen und sich von Zur\u00fcckhaltung und negativen Denkmustern l\u00f6sen. \u00d6ffnen Sie sich f\u00fcr die empathische, f\u00fcrsorgliche Art des Krebs Mannes und reflektieren sein liebenswertes Verhalten. Signalisieren Sie, dass er ihnen Vertrauen kann, haben ein offenes Ohr f\u00fcr seine Probleme und Sorgen und treten ihm ebenso fr\u00f6hlich, phantasievoll und aufrichtig gegen\u00fcber wie er ihnen. Sensibilisieren Sie ihren potentiellen &#8222;Mr. Right&#8220; f\u00fcr die Leichtigkeit des Lebens und unterst\u00fctzen ihn dabei, dass er sich Auszeiten von den Problemen und \u00c4ngsten Dritter g\u00f6nnt.<\/p>\n<p>Schaffen Sie unterst\u00fctzt durch originelle Ideen eine Szenerie, die den Krebs Mann in eine Kulisse eintauchen l\u00e4sst, die eine Hommage an die Lebensfreude und die Leichtigkeit des Lebens ist. Unternehmen Sie etwa eine Fahrradtour und verkn\u00fcpfen dies mit einem entspannten Picknick in der Natur. Grunds\u00e4tzlich ist alles erlaubt, was authentisch ist und eine entspannte Kulisse f\u00f6rdert.<\/p>\n<h3>Distanzieren Sie sich von Oberfl\u00e4chlichkeit und schleichen sich in sein gutm\u00fctiges Herz ein\u2026<\/h3>\n<p>Krebs Geborene lieben Tiefgr\u00fcndigkeit. Demgegen\u00fcber sind Plattheit und Oberfl\u00e4chlichkeit absolute No Gos f\u00fcr Krebs M\u00e4nner, die im Allgemeinen als sensible Romantiker gelten. Wer einen Single- Mann mit Tierkreiszeichen Krebs erfolgreich f\u00fcr sich einnehmen m\u00f6chte, gewinnt sein Herz demnach nicht mit Hilfe von Oberfl\u00e4chlichkeit oder erotischen Abenteuern.<\/p>\n<p>Diejenige, die einen Krebs Mann nachhaltig f\u00fcr sich einnehmen und die &#8222;Eine&#8220; f\u00fcr ihren potentiellen Traumpartner sein m\u00f6chte, bahnt sich den Weg in das Herz des empathischen Mannes im Idealfall, indem sie sich dauerhaft als loyaler, warmherziger und f\u00fcrsorglicher Wegbegleiter erweist. Eine Frau, die ihn anhaltend unterst\u00fctzt, seine \u00c4ngste, Sorgen und Probleme ernst nimmt und ihm hilft seine Visionen und Tr\u00e4ume in Realit\u00e4t zu verwandeln, dringt unweigerlich durch die vermeintlich &#8222;harte Schale&#8220; des Krebs-Mannes hindurch.<\/p>\n<p>Da der Krebs Mann zu Zur\u00fcckhaltung und latenter \u00c4ngstlichkeit tendiert und Furcht vor emotionaler Entt\u00e4uschung hat, besitzt das Signalisieren von aufrichtigem Interesse seitens der Flirtpartnerin oberste Priorit\u00e4t. Krebs M\u00e4nner sind vorsichtig. Situationen, die an Ver\u00e4nderungen gebunden sind, veranlassen sie in der Regel zum emotionalen R\u00fcckzug. Wer die &#8222;harte Schale knackt&#8220; und durchdacht auf die vorsichtige Verhaltensweise des Mannes reagiert, trifft auf einen f\u00fcrsorglichen Partner, der aufopferungsvoll seine Traumfrau besch\u00fctzen und umsorgen m\u00f6chte. Krebs M\u00e4nner agieren mitunter \u00fcberbesch\u00fctzend und \u00fcbersch\u00fctten ihre Liebsten mit \u00fcberschie\u00dfender F\u00fcrsorge. Eine potentielle Traumfrau wei\u00df um die \u00fcberm\u00e4\u00dfige Behutsamkeit ihres Gegen\u00fcbers und reagiert darauf mit Besonnenheit, anstatt sich eingeengt zu f\u00fchlen.<\/p>\n<p>Um das Vertrauen des einf\u00fchlsamen Krebses zu erobern, ben\u00f6tigt es Geduld, Sensibilit\u00e4t und ein hohes Ma\u00df an Empathie. M\u00e4nner mit dem Tierkreiszeichen Krebs sind Familienmenschen, die den Wunsch nach einer erf\u00fcllenden, ernsthaften Partnerschaft klar \u00fcber das Streben nach Partys und unverbindlichen Bekanntschaften stellen.<\/p>\n<p>Liebensw\u00fcrdigkeit, Charme, Empathie, Loyalit\u00e4t und ein sanfter Umgangston sind der Schl\u00fcssel, um das <a href=\"https:\/\/www.elflirt.de\/magazin\/wie-gewinne-ich-das-herz-eines-mannes\/\">Herz<\/a> von einem Krebs Geborenen zu gewinnen.<\/p>\n","protected":false},"excerpt":{"rendered":"<p>Welche Eigenschaften sind charakteristisch f\u00fcr einen Mann mit Sternzeichen Krebs? Charmanter, f\u00fcrsorglicher Zeitgenosse, der stets ein offenes Ohr f\u00fcr Dritte<\/p>\n","protected":false},"author":3,"featured_media":861,"parent":0,"menu_order":0,"comment_status":"closed","ping_status":"closed","template":"","meta":{"footnotes":""},"class_list":["post-860","page","type-page","status-publish","has-post-thumbnail","hentry","comments-off"],"aioseo_notices":[],"_links":{"self":[{"href":"https:\/\/www.elflirt.de\/magazin\/wp-json\/wp\/v2\/pages\/860","targetHints":{"allow":["GET"]}}],"collection":[{"href":"https:\/\/www.elflirt.de\/magazin\/wp-json\/wp\/v2\/pages"}],"about":[{"href":"https:\/\/www.elflirt.de\/magazin\/wp-json\/wp\/v2\/types\/page"}],"author":[{"embeddable":true,"href":"https:\/\/www.elflirt.de\/magazin\/wp-json\/wp\/v2\/users\/3"}],"replies":[{"embeddable":true,"href":"https:\/\/www.elflirt.de\/magazin\/wp-json\/wp\/v2\/comments?post=860"}],"version-history":[{"count":1,"href":"https:\/\/www.elflirt.de\/magazin\/wp-json\/wp\/v2\/pages\/860\/revisions"}],"predecessor-version":[{"id":862,"href":"https:\/\/www.elflirt.de\/magazin\/wp-json\/wp\/v2\/pages\/860\/revisions\/862"}],"wp:featuredmedia":[{"embeddable":true,"href":"https:\/\/www.elflirt.de\/magazin\/wp-json\/wp\/v2\/media\/861"}],"wp:attachment":[{"href":"https:\/\/www.elflirt.de\/magazin\/wp-json\/wp\/v2\/media?parent=860"}],"curies":[{"name":"wp","href":"https:\/\/api.w.org\/{rel}","templated":true}]}}